{"id":56,"date":"2023-01-01T22:41:41","date_gmt":"2023-01-01T22:41:41","guid":{"rendered":"https:\/\/ronjakarkinen.fi\/?page_id=56"},"modified":"2025-06-16T20:20:19","modified_gmt":"2025-06-16T20:20:19","slug":"minusta","status":"publish","type":"page","link":"https:\/\/ronjakarkinen.fi\/index.php\/minusta\/","title":{"rendered":"Minusta"},"content":{"rendered":"\n<figure class=\"wp-block-image size-large wp-duotone-unset-1\"><img loading=\"lazy\" decoding=\"async\" width=\"1024\" height=\"768\" src=\"https:\/\/ronjakarkinen.fi\/wp-content\/uploads\/2025\/02\/etusivu-1024x768.jpg\" alt=\"\" class=\"wp-image-115\" srcset=\"https:\/\/ronjakarkinen.fi\/wp-content\/uploads\/2025\/02\/etusivu-1024x768.jpg 1024w, https:\/\/ronjakarkinen.fi\/wp-content\/uploads\/2025\/02\/etusivu-300x225.jpg 300w, https:\/\/ronjakarkinen.fi\/wp-content\/uploads\/2025\/02\/etusivu-768x576.jpg 768w, https:\/\/ronjakarkinen.fi\/wp-content\/uploads\/2025\/02\/etusivu-1536x1152.jpg 1536w, https:\/\/ronjakarkinen.fi\/wp-content\/uploads\/2025\/02\/etusivu-80x60.jpg 80w, https:\/\/ronjakarkinen.fi\/wp-content\/uploads\/2025\/02\/etusivu.jpg 2048w\" sizes=\"auto, (max-width: 1024px) 100vw, 1024px\" \/><\/figure>\n\n\n\n<p><\/p>\n\n\n\n<p>Olen toisen kauden vihre\u00e4 kunnanvaltuutettu ja Kirkkonummen kunnanhallituksen j\u00e4sen.<\/p>\n\n\n\n<p>Ymp\u00e4rist\u00f6teemat ovat ty\u00f6ss\u00e4ni ensimm\u00e4isin\u00e4. Aikamme valtaviin planetaarisiin kriiseihin on l\u00f6ydett\u00e4v\u00e4 ratkaisuja kaikilla tasoilla ja paikallisesti voidaan tehd\u00e4 merkitt\u00e4vi\u00e4 asioita.<\/p>\n\n\n\n<p>Valtuustokausi 2025 &#8211; 2029 on se, joka ratkaisee, p\u00e4\u00e4seek\u00f6 Kirkkonummi Hiilineutraali kunta -tavoitteisiina aikataulussa. Kiritt\u00e4mist\u00e4 tarvitaan edelleen! Vihre\u00e4n pinta-alan puolustaminen ja esimerkiksi puurakentamisen edist\u00e4minen ovat asioita, joiden puolesta toimin.<\/p>\n\n\n\n<p>Olin ensimm\u00e4isess\u00e4, itse j\u00e4rjest\u00e4m\u00e4ss\u00e4ni ilmastomielenosoituksessa Kirkkonummen torilla vuonna 2008. Siit\u00e4 asti olen ollut osana kansalaisyhteiskuntaa tuomassa muutosta maahamme. P\u00e4iv\u00e4ty\u00f6ni on kehitysyhteisty\u00f6j\u00e4rjest\u00f6ss\u00e4 ja koulutukseltani olen yhteiskuntatieteiden maisteri. Toimin my\u00f6s Kirkkonummen reilun kaupan kannatusryhm\u00e4n puheenjohtajana.&nbsp;<\/p>\n\n\n\n<p>Asun mieheni ja kahden mahtavan alakouluik\u00e4isen lapsemme kanssa Evitskogissa. El\u00e4mme ekologista el\u00e4m\u00e4\u00e4 ja viljelemme naapureiden kanssa kes\u00e4isin pient\u00e4 maapalstaa takapihallamme.<\/p>\n","protected":false},"excerpt":{"rendered":"<p>Olen toisen kauden vihre\u00e4 kunnanvaltuutettu ja Kirkkonummen kunnanhallituksen j\u00e4sen. Ymp\u00e4rist\u00f6teemat ovat ty\u00f6ss\u00e4ni ensimm\u00e4isin\u00e4. Aikamme valtaviin planetaarisiin kriiseihin on l\u00f6ydett\u00e4v\u00e4 ratkaisuja kaikilla tasoilla ja paikallisesti voidaan tehd\u00e4 merkitt\u00e4vi\u00e4 asioita. Valtuustokausi 2025 &#8211; 2029 on se, joka ratkaisee, p\u00e4\u00e4seek\u00f6 Kirkkonummi Hiilineutraali kunta -tavoitteisiina aikataulussa. Kiritt\u00e4mist\u00e4 tarvitaan edelleen! Vihre\u00e4n pinta-alan puolustaminen ja esimerkiksi puurakentamisen edist\u00e4minen ovat asioita, joiden &hellip; <\/p>\n","protected":false},"author":1,"featured_media":0,"parent":0,"menu_order":0,"comment_status":"closed","ping_status":"closed","template":"","meta":{"footnotes":""},"class_list":["post-56","page","type-page","status-publish","hentry","grid-sizer"],"_links":{"self":[{"href":"https:\/\/ronjakarkinen.fi\/index.php\/wp-json\/wp\/v2\/pages\/56","targetHints":{"allow":["GET"]}}],"collection":[{"href":"https:\/\/ronjakarkinen.fi\/index.php\/wp-json\/wp\/v2\/pages"}],"about":[{"href":"https:\/\/ronjakarkinen.fi\/index.php\/wp-json\/wp\/v2\/types\/page"}],"author":[{"embeddable":true,"href":"https:\/\/ronjakarkinen.fi\/index.php\/wp-json\/wp\/v2\/users\/1"}],"replies":[{"embeddable":true,"href":"https:\/\/ronjakarkinen.fi\/index.php\/wp-json\/wp\/v2\/comments?post=56"}],"version-history":[{"count":13,"href":"https:\/\/ronjakarkinen.fi\/index.php\/wp-json\/wp\/v2\/pages\/56\/revisions"}],"predecessor-version":[{"id":195,"href":"https:\/\/ronjakarkinen.fi\/index.php\/wp-json\/wp\/v2\/pages\/56\/revisions\/195"}],"wp:attachment":[{"href":"https:\/\/ronjakarkinen.fi\/index.php\/wp-json\/wp\/v2\/media?parent=56"}],"curies":[{"name":"wp","href":"https:\/\/api.w.org\/{rel}","templated":true}]}}

<figure class="wp-block-image size-large wp-duotone-unset-1"><img loading="lazy" decoding="async" width="1024" height="768" src="https://ronjakarkinen.fi/wp-content/uploads/2025/02/etusivu-1024x768.jpg" alt="" class="wp-image-115" srcset="https://ronjakarkinen.fi/wp-content/uploads/2025/02/etusivu-1024x768.jpg 1024w, https://ronjakarkinen.fi/wp-content/uploads/2025/02/etusivu-300x225.jpg 300w, https://ronjakarkinen.fi/wp-content/uploads/2025/02/etusivu-768x576.jpg 768w, https://ronjakarkinen.fi/wp-content/uploads/2025/02/etusivu-1536x1152.jpg 1536w, https://ronjakarkinen.fi/wp-content/uploads/2025/02/etusivu-80x60.jpg 80w, https://ronjakarkinen.fi/wp-content/uploads/2025/02/etusivu.jpg 2048w" sizes="auto, (max-width: 1024px) 100vw, 1024px" /></figure>



<p></p>



<p>Olen toisen kauden vihreä kunnanvaltuutettu ja Kirkkonummen kunnanhallituksen jäsen.</p>



<p>Ympäristöteemat ovat työssäni ensimmäisinä. Aikamme valtaviin planetaarisiin kriiseihin on löydettävä ratkaisuja kaikilla tasoilla ja paikallisesti voidaan tehdä merkittäviä asioita.</p>



<p>Valtuustokausi 2025 &#8211; 2029 on se, joka ratkaisee, pääseekö Kirkkonummi Hiilineutraali kunta -tavoitteisiina aikataulussa. Kirittämistä tarvitaan edelleen! Vihreän pinta-alan puolustaminen ja esimerkiksi puurakentamisen edistäminen ovat asioita, joiden puolesta toimin.</p>



<p>Olin ensimmäisessä, itse järjestämässäni ilmastomielenosoituksessa Kirkkonummen torilla vuonna 2008. Siitä asti olen ollut osana kansalaisyhteiskuntaa tuomassa muutosta maahamme. Päivätyöni on kehitysyhteistyöjärjestössä ja koulutukseltani olen yhteiskuntatieteiden maisteri. Toimin myös Kirkkonummen reilun kaupan kannatusryhmän puheenjohtajana.&nbsp;</p>



<p>Asun mieheni ja kahden mahtavan alakouluikäisen lapsemme kanssa Evitskogissa. Elämme ekologista elämää ja viljelemme naapureiden kanssa kesäisin pientä maapalstaa takapihallamme.</p>

<p>Olen toisen kauden vihreä kunnanvaltuutettu ja Kirkkonummen kunnanhallituksen jäsen. Ympäristöteemat ovat työssäni ensimmäisinä. Aikamme valtaviin planetaarisiin kriiseihin on löydettävä ratkaisuja kaikilla tasoilla ja paikallisesti voidaan tehdä merkittäviä asioita. Valtuustokausi 2025 &#8211; 2029 on se, joka ratkaisee, pääseekö Kirkkonummi Hiilineutraali kunta -tavoitteisiina aikataulussa. Kirittämistä tarvitaan edelleen! Vihreän pinta-alan puolustaminen ja esimerkiksi puurakentamisen edistäminen ovat asioita, joiden &hellip; </p>
