{"id":56,"date":"2023-01-01T22:41:41","date_gmt":"2023-01-01T22:41:41","guid":{"rendered":"https:\/\/ronjakarkinen.fi\/?page_id=56"},"modified":"2026-08-28T21:08:45","modified_gmt":"2026-08-28T21:08:45","slug":"minusta","status":"publish","type":"page","link":"https:\/\/ronjakarkinen.fi\/index.php\/minusta\/","title":{"rendered":"Minusta"},"content":{"rendered":"\n<figure class=\"wp-block-image size-large is-resized wp-duotone-unset-1\"><img fetchpriority=\"high\" decoding=\"async\" width=\"1024\" height=\"768\" src=\"https:\/\/ronjakarkinen.fi\/wp-content\/uploads\/2025\/02\/etusivu-1024x768.jpg\" alt=\"\" class=\"wp-image-115\" style=\"width:589px;height:auto\" srcset=\"https:\/\/ronjakarkinen.fi\/wp-content\/uploads\/2025\/02\/etusivu-1024x768.jpg 1024w, https:\/\/ronjakarkinen.fi\/wp-content\/uploads\/2025\/02\/etusivu-300x225.jpg 300w, https:\/\/ronjakarkinen.fi\/wp-content\/uploads\/2025\/02\/etusivu-768x576.jpg 768w, https:\/\/ronjakarkinen.fi\/wp-content\/uploads\/2025\/02\/etusivu-1536x1152.jpg 1536w, https:\/\/ronjakarkinen.fi\/wp-content\/uploads\/2025\/02\/etusivu-80x60.jpg 80w, https:\/\/ronjakarkinen.fi\/wp-content\/uploads\/2025\/02\/etusivu.jpg 2048w\" sizes=\"(max-width: 1024px) 100vw, 1024px\" \/><\/figure>\n\n\n\n<p class=\"wp-block-paragraph\"><\/p>\n\n\n\n<p class=\"wp-block-paragraph\">Olen toisen kauden kirkkonummelainen kunnanvaltuutettu ja kunnanhallituksen j\u00e4sen.<\/p>\n\n\n\n<p class=\"wp-block-paragraph\">Elinymp\u00e4rist\u00f6mme s\u00e4ilymisen ja oikeudenmukaisen yhteiskunnan puolesta olen tehnyt t\u00f6it\u00e4 15-vuotiaasta alkaen. Olen toiminut muun muassa Changemaker-nuorisoverkoston puheenjohtajana, Jyv\u00e4skyl\u00e4n yliopiston ylioppilaskunnassa sek\u00e4 ty\u00f6skennellyt kehitysyhteisty\u00f6j\u00e4rjest\u00f6ss\u00e4 ja projektitutkijana rauhaan ja konflikteihin keskittyneess\u00e4 ajatushautomossa. Minulla on pitk\u00e4aikaisen j\u00e4rjest\u00f6- ja aktivistitaustani my\u00f6t\u00e4 kattava kest\u00e4v\u00e4n kehityksen kysymysten tuntemus. Koulutukseltani olen yhteiskuntatieteiden maisteri.<\/p>\n\n\n\n<p class=\"wp-block-paragraph\">Vihreisiin l\u00e4hdin mukaan vuonna 2014 opiskelijapolitiikan my\u00f6t\u00e4. Olen saanut olla mukana useissa paikallisissa ja valtakunnallisissa kampanjoissa sek\u00e4 yhdistystoiminnassa muun muassa Kirkkonummen vihreiden puheenjohtajana. <\/p>\n\n\n\n<p class=\"wp-block-paragraph\">Toki olen ehtinyt tehd\u00e4 muutakin;&nbsp; suureksi onnekseni olen my\u00f6s kolmen lapsen \u00e4iti, joka ehtii harrastaa kuorolaulua ja yhteiskasvimaan hoitoa yhdess\u00e4 puolison, lasten ja mainioiden naapureiden kanssa.&nbsp;<\/p>\n","protected":false},"excerpt":{"rendered":"<p>Olen toisen kauden kirkkonummelainen kunnanvaltuutettu ja kunnanhallituksen j\u00e4sen. Elinymp\u00e4rist\u00f6mme s\u00e4ilymisen ja oikeudenmukaisen yhteiskunnan puolesta olen tehnyt t\u00f6it\u00e4 15-vuotiaasta alkaen. Olen toiminut muun muassa Changemaker-nuorisoverkoston puheenjohtajana, Jyv\u00e4skyl\u00e4n yliopiston ylioppilaskunnassa sek\u00e4 ty\u00f6skennellyt kehitysyhteisty\u00f6j\u00e4rjest\u00f6ss\u00e4 ja projektitutkijana rauhaan ja konflikteihin keskittyneess\u00e4 ajatushautomossa. Minulla on pitk\u00e4aikaisen j\u00e4rjest\u00f6- ja aktivistitaustani my\u00f6t\u00e4 kattava kest\u00e4v\u00e4n kehityksen kysymysten tuntemus. Koulutukseltani olen yhteiskuntatieteiden maisteri. Vihreisiin &hellip; <\/p>\n","protected":false},"author":1,"featured_media":0,"parent":0,"menu_order":0,"comment_status":"closed","ping_status":"closed","template":"","meta":{"footnotes":""},"class_list":["post-56","page","type-page","status-publish","hentry","grid-sizer"],"_links":{"self":[{"href":"https:\/\/ronjakarkinen.fi\/index.php\/wp-json\/wp\/v2\/pages\/56","targetHints":{"allow":["GET"]}}],"collection":[{"href":"https:\/\/ronjakarkinen.fi\/index.php\/wp-json\/wp\/v2\/pages"}],"about":[{"href":"https:\/\/ronjakarkinen.fi\/index.php\/wp-json\/wp\/v2\/types\/page"}],"author":[{"embeddable":true,"href":"https:\/\/ronjakarkinen.fi\/index.php\/wp-json\/wp\/v2\/users\/1"}],"replies":[{"embeddable":true,"href":"https:\/\/ronjakarkinen.fi\/index.php\/wp-json\/wp\/v2\/comments?post=56"}],"version-history":[{"count":16,"href":"https:\/\/ronjakarkinen.fi\/index.php\/wp-json\/wp\/v2\/pages\/56\/revisions"}],"predecessor-version":[{"id":434,"href":"https:\/\/ronjakarkinen.fi\/index.php\/wp-json\/wp\/v2\/pages\/56\/revisions\/434"}],"wp:attachment":[{"href":"https:\/\/ronjakarkinen.fi\/index.php\/wp-json\/wp\/v2\/media?parent=56"}],"curies":[{"name":"wp","href":"https:\/\/api.w.org\/{rel}","templated":true}]}}

<figure class="wp-block-image size-large is-resized wp-duotone-unset-1"><img fetchpriority="high" decoding="async" width="1024" height="768" src="https://ronjakarkinen.fi/wp-content/uploads/2025/02/etusivu-1024x768.jpg" alt="" class="wp-image-115" style="width:589px;height:auto" srcset="https://ronjakarkinen.fi/wp-content/uploads/2025/02/etusivu-1024x768.jpg 1024w, https://ronjakarkinen.fi/wp-content/uploads/2025/02/etusivu-300x225.jpg 300w, https://ronjakarkinen.fi/wp-content/uploads/2025/02/etusivu-768x576.jpg 768w, https://ronjakarkinen.fi/wp-content/uploads/2025/02/etusivu-1536x1152.jpg 1536w, https://ronjakarkinen.fi/wp-content/uploads/2025/02/etusivu-80x60.jpg 80w, https://ronjakarkinen.fi/wp-content/uploads/2025/02/etusivu.jpg 2048w" sizes="(max-width: 1024px) 100vw, 1024px" /></figure>



<p class="wp-block-paragraph"></p>



<p class="wp-block-paragraph">Olen toisen kauden kirkkonummelainen kunnanvaltuutettu ja kunnanhallituksen jäsen.</p>



<p class="wp-block-paragraph">Elinympäristömme säilymisen ja oikeudenmukaisen yhteiskunnan puolesta olen tehnyt töitä 15-vuotiaasta alkaen. Olen toiminut muun muassa Changemaker-nuorisoverkoston puheenjohtajana, Jyväskylän yliopiston ylioppilaskunnassa sekä työskennellyt kehitysyhteistyöjärjestössä ja projektitutkijana rauhaan ja konflikteihin keskittyneessä ajatushautomossa. Minulla on pitkäaikaisen järjestö- ja aktivistitaustani myötä kattava kestävän kehityksen kysymysten tuntemus. Koulutukseltani olen yhteiskuntatieteiden maisteri.</p>



<p class="wp-block-paragraph">Vihreisiin lähdin mukaan vuonna 2014 opiskelijapolitiikan myötä. Olen saanut olla mukana useissa paikallisissa ja valtakunnallisissa kampanjoissa sekä yhdistystoiminnassa muun muassa Kirkkonummen vihreiden puheenjohtajana. </p>



<p class="wp-block-paragraph">Toki olen ehtinyt tehdä muutakin;&nbsp; suureksi onnekseni olen myös kolmen lapsen äiti, joka ehtii harrastaa kuorolaulua ja yhteiskasvimaan hoitoa yhdessä puolison, lasten ja mainioiden naapureiden kanssa.&nbsp;</p>

<p>Olen toisen kauden kirkkonummelainen kunnanvaltuutettu ja kunnanhallituksen jäsen. Elinympäristömme säilymisen ja oikeudenmukaisen yhteiskunnan puolesta olen tehnyt töitä 15-vuotiaasta alkaen. Olen toiminut muun muassa Changemaker-nuorisoverkoston puheenjohtajana, Jyväskylän yliopiston ylioppilaskunnassa sekä työskennellyt kehitysyhteistyöjärjestössä ja projektitutkijana rauhaan ja konflikteihin keskittyneessä ajatushautomossa. Minulla on pitkäaikaisen järjestö- ja aktivistitaustani myötä kattava kestävän kehityksen kysymysten tuntemus. Koulutukseltani olen yhteiskuntatieteiden maisteri. Vihreisiin &hellip; </p>
